
In base 16, what is 191e + -1241?
6dd
In base 13, what is 1730c2 + a?
1730cc
In base 12, what is -3 + 25a664?
25a661
In base 10, what is -31 + 187766?
187735
In base 13, what is -2c8a - 9424?
-c3b1
In base 6, what is -15 + -242230015?
-242230034
In base 9, what is -8 - -2866788?
2866780
In base 16, what is -5 - -35797d?
357978
In base 9, what is -1167284 - 15?
-1167310
In base 13, what is 2 + a2483?
a2485
In base 7, what is 4 + 15306425?
15306432
In base 9, what is -2218 + -101665?
-103884
In base 5, what is 41243 + -11221114?
-11124321
In base 5, what is 11231004042 - -102?
11231004144
In base 2, what is -100011010110 - 1000110000101?
-1101001011011
In base 8, what is -25632220 + 73?
-25632125
In base 6, what is 22324051 - 105?
22323542
In base 7, what is 640041605 - 0?
640041605
In base 5, what is 331222 - 140?
331032
In base 13, what is 5 + -10c46c7?
-10c46c2
In base 6, what is 34 - 11300350?
-11300312
In base 7, what is 10 - 1053444311?
-1053444301
In base 8, what is 6534 + 7304?
16040
In base 5, what is -113 + 14112234?
14112121
In base 15, what is ae9 - aa58?
-9e5e
In base 12, what is -a + -817a65?
-817a73
In base 3, what is 10121100122001112 + -12?
10121100122001100
In base 7, what is -4 - 1401221121?
-1401221125
In base 7, what is -4 - 243406033?
-243406040
In base 16, what is -798 - -2c664?
2becc
In base 8, what is 5140141 - -53?
5140214
In base 12, what is 18277 + -187a?
165b9
In base 11, what is 12228a - 80a?
121580
In base 3, what is 2000222 - 22012112?
-20011120
In base 14, what is 124 - -3d75a?
3d880
In base 6, what is -2355312353 - -2?
-2355312351
In base 4, what is 2022110 + -3200100?
-1111330
In base 6, what is 2012 + -320422?
-314410
In base 6, what is 3252152 + -12?
3252140
In base 2, what is 100 + 100001011000101101110?
100001011000101110010
In base 15, what is a2c73 + b?
a2c7e
In base 7, what is -146003 - 345410?
-524413
In base 4, what is 320 + 23302333221?
23303000201
In base 11, what is -791961 - -188?
-791784
In base 8, what is 10515744 + 3?
10515747
In base 2, what is 11001000011001010 + -110110100011?
11000001100100111
In base 9, what is 44 + 33373667?
33373722
In base 13, what is -9 + 1684340?
1684334
In base 14, what is 40cdd5 - c?
40cdc7
In base 7, what is -3340321 + -141?
-3340462
In base 12, what is 1a - 805ab7?
-805a99
In base 4, what is 13000030130312 + -2?
13000030130310
In base 5, what is -1 - 110424341?
-110424342
In base 8, what is -1272 + -1105076?
-1106370
In base 2, what is 100 + 1011101011000011000?
1011101011000011100
In base 7, what is 5 - -4362362642?
4362362650
In base 3, what is -1111120020 - -212?
-1111112101
In base 3, what is -10 + 210000221201001101?
210000221201001021
In base 13, what is -1229ac - 1334?
-124013
In base 5, what is 113 + -12243340?
-12243222
In base 3, what is 2 + -10021002100211211?
-10021002100211202
In base 7, what is -110212252 - -220?
-110212032
In base 8, what is 0 + 457067302?
457067302
In base 13, what is 26624 + -80?
26574
In base 6, what is 14034440 + 104?
14034544
In base 10, what is 1989 + 3429?
5418
In base 7, what is 12 - -440400521?
440400533
In base 13, what is 10a + 7b1338?
7b1445
In base 12, what is -5 - 9170a66?
-9170a6b
In base 12, what is -4 + -207695b?
-2076963
In base 12, what is 1a431b9b - -4?
1a431ba3
In base 5, what is 1331 + -3322122032?
-3322120201
In base 8, what is 5 + 56037756?
56037763
In base 15, what is 4e4333 + 54?
4e4387
In base 5, what is -142201112 - 1132?
-142202244
In base 16, what is -3 - 5da33dc?
-5da33df
In base 2, what is 1100001011000001111010101 + -11110?
1100001011000001110110111
In base 5, what is -4101 + -4332334?
-4341440
In base 9, what is -1 - -738653?
738652
In base 13, what is 741726 - 9?
74171a
In base 15, what is 17c89 + 39?
17cc3
In base 9, what is 6254 - -265743?
273107
In base 15, what is -2e37 - -37d?
-2aa9
In base 12, what is 4717b - 265?
46b16
In base 15, what is -260c - 2da7?
-54b4
In base 3, what is -1 + -10202002021011?
-10202002021012
In base 16, what is -781 + -a888?
-b009
In base 8, what is 1 + -1647416322?
-1647416321
In base 10, what is 32 - -8926655?
8926687
In base 8, what is -6 + -13273725?
-13273733
In base 10, what is 542539 + -38?
542501
In base 9, what is -5412 - 3224?
-8636
In base 16, what is -9f9374 - 4?
-9f9378
In base 11, what is -888923 + a4?
-88882a
In base 11, what is 2148 - 2179?
-31
In base 10, what is -1158650 + -1?
-1158651
In base 14, what is -647154d + -1b?
-647156a
In base 3, what is -10 - 2100012202?
-2100012212
In base 10, what is 5509 + 3244?
8753
In base 5, what is -420120 - -13314?
-401301
In base 4, what is 12332 - -333122131?
333201123
In base 11, what is -25a + 1872a4?
187045
In base 13, what is -441 - 1b77?
-22b8
In base 6, what is 5054 - 5513444?
-5504350
In base 8, what is 100 - -24404?
24504
In base 14, what is -912b1 + 4cc?
-90bc3
In base 8, what is 164 + -3211755?
-3211571
In base 11, what is 20 - -16167761?
16167781
In base 16, what is 81a - -5a8?
dc2
In base 3, what is -222200002121221 + 1012?
-222200002120202
In base 7, what is 530 + -6352061?
-6351231
In base 6, what is -2 + 4413524001?
4413523555
In base 14, what is -25020393 - -5?
-2502038c
In base 11, what is -17 + 692918a?
6929173
In base 4, what is -20013221 + -103311?
-20123132
In base 9, what is 2426603703 + -1?
2426603702
In base 6, what is 133215143 - 20?
133215123
In base 13, what is 7 - -22857a4?
22857ab
In base 4, what is 1 - -3031233111003?
3031233111010
In base 8, what is -2536 - -743340?
740602
In base 9, what is -6448 - -5031?
-1417
In base 13, what is -42895408 - 5?
-42895410
In base 7, what is 5001224 + -55?
5001136
In base 5, what is 114332311 + -2311?
114330000
In base 12, what is 1b + 180354?
180373
In base 5, what is 0 + 222013032?
222013032
In base 7, what is 5321261330 + 2?
5321261332
In base 5, what is -11 + 2343334312?
2343334301
In base 6, what is -10114144 - 43004?
-10201152
In base 4, what is -222300023 + 20131?
-222213232
In base 6, what is 1 - -235323425?
235323430
In base 4, what is 331002 - 11300320?
-10303312
In base 6, what is 5355 + 32233?
42032
In base 6, what is 435443312 - 2?
435443310
In base 15, what is 1b57c39 + -27?
1b57c12
In base 5, what is -204041404 + 410?
-204040444
In base 4, what is 33003032120 + 20?
33003032200
In base 5, what is -200312044 - -2434?
-200304110
In base 5, what is 13313 - -2041424?
2110242
In base 14, what is 27a2b + 584?
281b1
In base 9, what is -8607 - 12?
-8620
In base 5, what is 3011343 - 101044?
2410244
In base 4, what is -212021200 + -330?
-212022130
In base 16, what is 4490a4 + 3f?
4490e3
In base 6, what is -445443 + 3554?
-441445
In base 16, what is -4a7 + 15a2?
10fb
In base 7, what is -165 - 5522245?
-5522443
In base 12, what is -95503 + 1b?
-954a4
In base 5, what is 3344311 + 112?
3344423
In base 8, what is 424 - -46335?
46761
In base 11, what is -3 - 378a3949?
-378a3951
In base 12, what is -4482 + -920?
-51a2
In base 6, what is 1042004 - -202?
1042210
In base 10, what is -13 - -2776940?
2776927
In base 11, what is -1901 - 1935?
-3736
In base 13, what is 294 - -aa413?
aa6a7
In base 4, what is -1013211311111 - 11?
-1013211311122
In base 6, what is -31303124 + -244?
-31303412
In base 14, what is -3a9d304 - -5?
-3a9d2dd
In base 7, what is -5 + -1342262232?
-1342262240
In base 2, what is -11111101010 + 100100100000?
100110110
In base 9, what is -3033862 - 4?
-3033866
In base 7, what is 305444041 - -5?
305444046
In base 12, what is -561 - -6a0?
13b
In base 11, what is 2157513 + 27?
215753a
In base 4, what is 11 + 1113222322212?
1113222322223
In base 6, what is -520545 - -1325?
-515220
In base 3, what is -11 + 20122011021221?
20122011021210
In base 9, what is -4540125 + 212?
-4538813
In base 8, what is 201177124 - 0?
201177124
In base 4, what is 1102 + -332013210001?
-332013202233
In base 2, what is -1101011100001000100010 + -110?
-1101011100001000101000
In base 11, what is -100 - -4454a?
4444a
In base 13, what is -98077 - 97?
-98141
In base 13, what is 15629c9 - -3?
15629cc
In base 4, what is 0 + 101012122102?
101012122102
In base 8, what is 5765125 + -2?
5765123
In base 16, what is -97d + -58bd?
-623a
In base 15, what is 6c94e5 + 56?
6c954b
In base 3, what is -222020100 - 211200?
-1000002000
In base 15, what is -4a1c48c - -1?
-4a1c48b
In base 